12 + (10 - 3).
6
What is (-9 - (-9 - -4)) + 3 - 2?
-3
What is (1 - -2) + -1 + (-6 - 1)?
-5
Evaluate (1 - -4) + -11 + 9.
3
What is the value of 1 + (1 + -2 + 4 - 5)?
-1
What is -5 - ((5 - -1) + -15 + 3)?
1
What is the value of -15 - 4 - -1 - -8?
-10
What is the value of 4 - 1 - (1 - (0 + -1))?
1
What is the value of 5 + -2 - -2 - 1?
4
Evaluate (-15 - -4) + 1 + 5 + 5.
0
0 + -1 + (5 - (3 - 2))
3
5 + 5 + -5 - 10 - 4
-9
Evaluate (-9 - -16) + -3 + -7.
-3
What is 4 + 4 + -4 + -3 + 1?
2
Evaluate -14 + 10 + (-2 - -4).
-2
What is the value of -5 + (-1 - -3 - (-8 - -11))?
-6
What is 1 - 2 - (3 - -2)?
-6
Calculate -2 - (-3 + 3 - -2).
-4
Calculate -1 - 2 - (-4 - (0 + 2)).
3
What is the value of -2 + 2 + 5 + -7?
-2
2 + 0 + (-3 - 2 - -3)
0
What is the value of 14 + -8 + (2 - 5) - -6?
9
Evaluate 3 - ((2 - 4) + -3 - -11).
-3
Evaluate 1 + -8 + 7 + 4.
4
What is -2 - (-9 - -9 - (-4 - 2))?
-8
Evaluate -19 + 26 - (2 - -8).
-3
What is -6 + 15 - (0 + -4 + 8)?
5
What is the value of 7 - 0 - (0 + 4)?
3
Evaluate 1 + 8 + (113 - 120).
2
Evaluate 10 - (6 + 2 + (-8 - -5)).
5
What is -7 + (15 - 12 - (3 + -2))?
-5
13 - 12 - (-4 + 1 - 0)
4
What is (-1 - -4) + (-8 - -4) - 3?
-4
What is the value of 5 - ((-3 - -4) + 0)?
4
2 + (0 - 4) + (1 - 3)
-4
What is the value of -2 - 0 - (1 + -1)?
-2
What is the value of -4 - (-7 + -4 + 5)?
2
Calculate 22 + -10 + 2 + -11.
3
What is -1 + (-10 - (-6 - -5))?
-10
Calculate -11 + 10 - (5 + 4).
-10
4 + 1 + 1 - (100 + -91)
-3
Evaluate 2 + -6 + (5 - 2).
-1
What is the value of -9 - (-1 + -9 - -6)?
-5
What is the value of 11 + -10 + (-4 - 4)?
-7
Calculate 2 + -2 + 2 + -11.
-9
-10 + 2 + 4 + -1
-5
(-20 - -8) + 7 - (1 + -4)
-2
What is 7 + 14 - 10 - 4?
7
Calculate 0 + -4 - (9 + -16 - 0).
3
What is -5 + (4 - 0 - 0)?
-1
Calculate 142 - 152 - (-7 - 1).
-2
Evaluate 6 - 4 - (8 + 0 + -2).
-4
Evaluate 8 + (-8 - 0) - 8.
-8
Evaluate (4 + -6 - -2) + 4 + -7.
-3
Evaluate (3 - 3) + 10 + (6 - 23).
-7
What is 3 + -3 + (20 - 20)?
0
Evaluate 0 - 1 - ((0 - 1) + 1).
-1
What is -2 + 3 + (-5 - 2 - -4)?
-2
-13 + (-6 - -31) - 3
9
What is the value of 11 + -15 - (-7 - 2)?
5
-1 - ((2 - 5) + 5)
-3
What is -2 - (-3 + 1) - -2?
2
What is 9 + -5 + -10 - (2 - 6)?
-2
Evaluate (6 - 9) + -1 + (-9 - -5).
-8
Calculate -2 + 13 + (-1 - 5) - 13.
-8
Evaluate -1 + -2 + (-4 - -6) - -5.
4
Evaluate -2 - 1 - (-14 + 15).
-4
What is 11 - 16 - -2 - (-2 - 5)?
4
Evaluate 5 + -3 - (4 - 0 - 3).
1
What is (-15 - -7) + (-4 - -6)?
-6
Calculate 6 + (1 - 4) - (-5 + 8).
0
What is the value of -7 + -4 + 18 + -7?
0
What is 3 - 3 - (-1 + 0)?
1
0 + 5 + (5 - (2 - -7))
1
What is 0 + (11 + -14 - (0 + -8))?
5
Evaluate (-4 - 0) + -62 + 62.
-4
What is (5 - 5) + -9 + (-4 - -10)?
-3
Calculate 17 + -15 + -1 + 0 + 0.
1
-4 + (4 - -2) + -2
0
Evaluate 7 - (-1 + -1 - -1 - -3).
5
(-2 - (1 + -3)) + 2
2
Evaluate (-11 - -3) + -25 + 24.
-9
Calculate 8 + (4 - (6 - -4)).
2
Calculate 10 - (-3 + 0 + (14 - 5)).
4
What is the value of (1 - (6 - -1)) + 24 + -20?
-2
What is 4 + 3 - 3 - 3?
1
(6 - 13 - (2 - 15)) + 0
6
What is the value of 19 + (4 - 9) - 6?
8
Calculate (16 - 7 - 15) + 6 + -1.
-1
Evaluate (-7 + 9 - -4) + -9 - 7.
-10
What is the value of 0 + 0 + -1 - -4?
3
3 + -5 - (-13 + 7 + 9)
-5
What is 7 - (-2 + (-5 - -6) + 3)?
5
-8 - (-17 - (-9 + -1))
-1
Calculate (5 - 1 - 0) + -61 + 58.
1
Calculate -6 - -7 - 6 - -11.
6
Evaluate 3 + -8 + (0 - -4) + -4.
-5
Evaluate 1 + (-7 - (-7 + -1)).
2
What is the value of (5 - 10 - -11) + -1?
5
Evaluate 11 - (-1 + 4) - 10.
-2
What is the value of 5 + 10 + -5 + -6?
4
What is the value of 2 + (3 - (-3 + 12)) - 1?
-5
1 + 3 + -5 - 2 - 1
-4
Calculate 0 + -3 + 5 + -1 + -4.
-3
3 - (6 + (-6 - -3))
0
Evaluate 1 - -3 - (1 - 0).
3
Calculate (8 - ((-5 - -3) + 5)) + 1.
6
Calculate -11 - (9 + -7) - (-7 - 1).
-5
1 + -2 + -7 + 7
-1
Calculate (15 - 8) + 0 + -4.
3
What is -8 + -3 + 10 + (-1 - -5)?
3
What is 0 - (-2 - 4 - (-2 + -10))?
-6
What is (17 - 12) + (0 - 5)?
0
What is -3 + (3 - 3) + 4?
1
5 - 1 - (13 - (2 - -3))
-4
Evaluate (-2 + 9 - 0) + -12.
-5
What is 4 - ((-4 - -6) + 7 - -2)?
-7
What is (-2 - (5 - 14) - 14) + -2?
-9
What is the value of (2 - -5) + -3 + (-1 - 2)?
1
What is -6 + (6 - -7) + 4?
11
What is the value of 2 + 7 + -17 + 9?
1
What is -3 - -2 - (15 - 11 - -2)?
-7
What is the value of -6 + (6 - 2) + 7?
5
Calculate 4 - (1 - (2 - 0)).
5
-2 + -1 - (1 + 1 + -3)
-2
What is the value of 2 + (-2 - 2) + -3 + 2?
-3
(-1 - 5 - -16) + -5
5
Evaluate (16 - 15) + -1 + -4 - -7.
3
Evaluate 14 + (-22 - (6 + -17)).
3
What is the value of -2 - (-3 - 1 - -4)?
-2
8 + -10 + 4 + -1 + -1
0
Evaluate -1 - (-3 - -3) - (0 - 5).
4
What is -4 - ((0 - 3) + -7) - 8?
-2
-10 - (7 - (25 - 13))
-5
Calculate 8 + -6 + 10 + (-2 - 5).
5
What is the value of 3 - (5 + (-5 - 2)) - 10?
-5
3 + 1 + (15 - 9 - 13)
-3
What is 5 + -3 - (4 + -3) - 5?
-4
Calculate 0 + 10 - (-14 - -19).
5
Evaluate -1 + 6 - 7 - (3 + -2).
-3
What is (-1 - 4 - -4) + -5 + 2?
-4
-2 + (9 - 2 - 6) - 1
-2
Calculate (-1 - 4) + -6 + 7.
-4
Calculate -45 - -36 - (-8 - -1).
-2
What is the value of 7 + (6 - (10 - 1))?
4
What is the value of 1 + -3 - (-4 + 5)?
-3
What is 1 + 4 + -2 + 15 + -19?
-1
Evaluate 22 + -20 + 11 + 2 + -5.
10
Evaluate (0 + -3 - -1) + -6.
-8
Evaluate -18 + 1 + 8 - -5 - 1.
-5
What is 1 + -5 + (18 - 15 - -9)?
8
Calculate 2 + (-5 - -3) + 6 + -2.
4
What is 10 + (3 - 12) + 8?
9
Calculate (38 - 32) + (0 - 4).
2
What is the value of 2 + -7 - (-1 - 8)?
4
Calculate 3 + 0 + -5 - 2.
-4
Calculate -4 + (1 - 1) + -127 + 126.
-5
What is the value of 3 + 0 + 2 + 0?
5
3 - ((-6 - -3) + -1 + 2)
5
-3 + (-10 - (4 - (-1 + 8)))
-10
Calculate 1 - (-3 + 11) - -7.
0
-4 + 1 - (-12 - (-3 - 11))
-5
Evaluate 1 + -4 - (-7 + (1 - -7)).
-4
Calculate 3 + -4 + (-1 - -2) - -2.
2
What is the value of 4 - (8 - (0 + -1))?
-5
What is 4 + (4 - (4 - -1))?
3
(-19 - (1 - 11)) + 12
3
Evaluate 3 + -5 + 0 - -8.
6
Evaluate -7 - (3 - (5 + 1)) - -1.
-3
Evaluate -3 + 3 + -5 + 0 + 4.
-1
Calculate (-10 - -4) + 0 + 1.
-5
Evaluate -5 + 4 + 1 + -1.
-1
What is the value of (1 + -12 - -2) + 12?
3
Calculate -7 - ((-3 - -3) + -4).
-3
What is the value of 11 - (4 - (1 - -1 - 3))?
6
What is the value of 0 + -7 - (-2 + -12 - 2)?
9
(-7 - (10 + -19)) + -1
1
What is (17 + -4 + -5 - 4) + 5?
9
-3 + (3 - (3 + 5 - 4))
-4
-10 + (14 - (-1 + 9))
-4
What is 3 - 6 - (-2 - 1)?
0
Calculate -2 - -6 - (-1 + 9).
-4
Evaluate (-6 - -2) + 11 - 5.
2
What is 4 - (5 + -10 + 0 + 3)?
6
What is the value of -2 - 0 - -1 - 4?
-5
-2 - ((-4 - -3) + -3 - -3)
-1
0 + (7 - 13) + 6
0
Evaluate -2 + -1 - (5 - (-1 + 4)).
-5
(-149 - -151) + -7 + 1
-4
(8 - (17 - 17)) + (-1 - 0)
7
Evaluate 3 - (-1 - -9 - 2).
-3
Evaluate 5 - (-5 + 4) - 6.
0
Evaluate (-6 - -2) + 3 - 2.
-3
Calculate 4 + -1 + (-5 - -1 - 0).
-1
Calculate -5 - (0 - (3 + 1)) - 3.
-4
Calculate (0 - -4) + (-2 - -1) + -4.
-1
(-7 - -6) + 1 + 2
2
Calculate -62 - -65 - (4 + 0 + 0).
-1
Evaluate 5 + (-12 - (-1 + -2)).
-4
Evaluate -2 + 5 + (-6 - (1 - 2)).
-2
What is (5 - -2) + -9 + 7?
5
What is (7 - 1) + 0 + (-3 - 0)?
3
Calculate -28 - -9 - (-12 + 0).
-7
4 + (-17 - -18) + (0 - -4)
9
What is the value of -2 + 1 - 4 - -3 - 1?
-3
What is -23 + 9 - (-3 - 8)?
-3
What is 4 + (1 - 0) - 4?
1
What is -43 - -43 - (-7 - -1)?
6
Evaluate 1 - -2 - -3 - (0 + 0).
6
Evaluate -9 + (7 - (5 - 12)).
5
What is (-72 - -74) + (-1 - -1 - -7)?
9
What is (60 + -52 - (7 - -1)) + -2?
-2
Evaluate -3 + 1 + 4 + -2.
0
Evaluate 16 + -12 - ((2 - 2) + 9).
-5
17 + -9 + 7 + -5 - 5
5
What is (-2 - (-6 - -3)) + -6?
-5
Calculate 0 - ((-2 - (4 - 11)) + -5).
0
Evaluate (2 - (-6 - -6)) + -4.
-2
Calculate 4 + -3 + -7 + 3.
-3
Calculate (1 - 6) + 4 + (6 - 7).
-2
Evaluate -3 - (-9 - -4 - 2).
4
1 + (2 - (-2 + -2 + 2))
5
(-2 - -1) + -5 + 1
-5
-7 - -4 - ((2 - -1) + -1)
-5
What is the value of (-17 - -12 - -3) + 3?
1
-9 + (6 - 3) + 8 + -6
-4
Evaluate 2 + (-1 - (0 + 2)).
-1
(11 - (12 - 8)) + -8
-1
Evaluate 2 + 8 + -4 + -8.
-2
What is (-10 - (-9 + 7)) + 7?
-1
Calculate -4 + 9 - (2 - -1).
2
Evaluate 10 - (3 + (-7 - -9)).
5
What is the value of (-1 - -2) + (16 - 14)?
3
(-11 + 8 - (0 - -1)) + 3
-1
What is the value of 1 + (-2 - -2) + (-2 - 1)?
-2
Calculate (-6 - 1) + (-14 - -25).
4
What is -5 - 2 - -8 - 5?
-4
What is the value of 8 - (9 + -5 - 0)?
4
Calculate -4 + 12 - 0 - (11 - 8).
5
What is the value of 4 + (7 - 12) - 4?
-5
What is 0 + 5 + (6 - -9 - 13)?
7
What is the v